 greatest common divisor of x and u?
9
Let p(s) = -3*s + 2. Let a be p(-1). Calculate the highest common factor of 30 and a.
5
Let a = -17 - -19. Suppose -a*o + 4*c = -6*o + 112, -4*o + 140 = -3*c. What is the highest common factor of 48 and o?
16
Let d(x) = -6*x + 12. Let i be d(-8). Calculate the greatest common divisor of i and 10.
10
Let d be 28*(-1 - (-1)/4). Let j = 9 + d. Let m = -1 - j. What is the greatest common divisor of m and 11?
11
Let r be (17 - 2)*4/6. Let j be -3*(3 + 10/(-3)). Suppose -j - 9 = -2*a. What is the highest common divisor of a and r?
5
Let l(f) = 3*f + 2. Let g be l(0). What is the highest common divisor of g and 14?
2
Let p = 9 - 7. Let l = -108 - -192. Suppose 4*t - 6 = -v, 3*v + v - l = 4*t. What is the greatest common factor of v and p?
2
Let y(g) = 112*g + 1. Let v be y(3). Suppose i = -0*i + v. Suppose 4*q = 2*x - x + i, -2*q + 173 = -5*x. What is the greatest common divisor of q and 21?
21
Let q = 12 - 0. What is the highest common factor of 36 and q?
12
Let r = 12 + 78. Suppose -5*y = -r - 35. What is the greatest common divisor of 5 and y?
5
Let p = -3 + 8. Suppose -o + p = 1. What is the highest common factor of o and 4?
4
Let l be 1/(-2) - (-27)/2. Suppose -70 = -4*z + 190. Calculate the highest common factor of l and z.
13
Let d be 2*3 - (6 - 5). Suppose 3*z = -d*l + 131, -4*l + 6*z - 3*z = -94. Calculate the greatest common factor of l and 5.
5
Let k(s) = 4*s - 8. Let z be k(6). Let j be (z/6)/(5/15). Suppose 3*n + u = n + 24, 3*n - 36 = u. What is the highest common factor of n and j?
4
Let n(a) = 3*a**2 - a - 1. Let y be n(-1). Let l be (108/(-8))/9*-2. Calculate the highest common factor of l and y.
3
Let o = 92 - 65. What is the greatest common factor of 27 and o?
27
Let s(t) = t - 3. Let v be s(5). Suppose 0 = -0*h - v*h + 48. Calculate the greatest common factor of 6 and h.
6
Let m be 988/10 - (-2)/10. Let w be (-2)/6 + (-168)/(-18). Calculate the greatest common factor of w and m.
9
Let a be 2 + -21*(-2)/3. What is the highest common divisor of a and 4?
4
Let v be (-1 - (-2 + -4)) + 2. Let r be 12/(-54) - 65/(-9). What is the highest common factor of r and v?
7
Let d = 0 + 2. Suppose 0 = -w + d*l - 3, 3*l - 11 = 3*w - 8*w. What is the highest common divisor of w and 1?
1
Let x(h) = 2*h**2 + h - 6. Let d be x(-6). What is the greatest common factor of d and 15?
15
Suppose 4*f - 2*r = 2*r - 64, -r + 80 = -5*f. Let u be (-79)/(-4) - 4/f. What is the highest common factor of 100 and u?
20
Suppose -3*z + 85 = 2*z. Let x be 30/50 - (-2)/5. Let q be (z - x) + 2 + -3. Calculate the greatest common divisor of 5 and q.
5
Suppose 0 = 2*t - 6, 4*j - 9 = -2*t + 1. Let h be (j - -94*1) + -2. Let c be 2/(-6) + h/9. Calculate the greatest common divisor of 5 and c.
5
Let o = 177 - 149. Calculate the greatest common factor of o and 70.
14
Let l be ((-42)/(-35))/((-1)/(-5)). Suppose -34*c = -35*c + 6. Calculate the highest common divisor of c and l.
6
Let s(o) = -15*o + 5. Let z be s(-5). Suppose 7*b - 5*b = z. Let x(m) = -3*m + 5. Let r be x(-5). Calculate the highest common divisor of b and r.
20
Let k = 21 + 89. What is the greatest common divisor of 22 and k?
22
Suppose -3*l - 9 = -3*s, l + 0 = -3*s + 13. What is the highest common factor of s and 32?
4
Let d be (104/6 - 2) + 7/(-21). Let p(b) = -59*b**3 - 2*b - 1. Let s be p(-1). What is the greatest common factor of s and d?
15
Let t be (4 + (-14)/3)*-33. Calculate the highest common divisor of 242 and t.
22
Let v = 5 - 0. Suppose -220 = -4*s + 5*c, v*s - 304 = -0*s - c. Calculate the highest common factor of s and 24.
12
Let x(u) = -84*u**3 - 2*u**2 + 2*u - 3. Let k be x(2). Let a be (-6)/(-10) + k/(-35). Calculate the greatest common divisor of 5 and a.
5
Suppose -19*p + 252 + 432 = 0. Let c = 1 + 9. Let z = c - 6. What is the greatest common factor of z and p?
4
Suppose 5*v - 7 = -4*h + 8, 3*v - 3*h = 9. Suppose -v*y - y = -208. Suppose y = 3*w + 13. What is the greatest common factor of 117 and w?
13
Suppose 0 = -4*f - f - v - 119, 0 = 4*f - 5*v + 101. Let w = f + 44. What is the greatest common divisor of 30 and w?
10
Let d be ((-210)/(-9))/((-2)/(-12)). Calculate the greatest common factor of 28 and d.
28
Let q(t) = 13*t - 2. Let a be q(2). What is the highest common divisor of a and 96?
24
Suppose 5*f = 6*f - 2. Let j be 3/(((-6)/f)/(-3)). Let v(k) = k**3 + 7*k**2 + 7*k + 9. Let p be v(-6). What is the highest common divisor of p and j?
3
Suppose -7*c + 16 - 2 = 0. Suppose 3 - 13 = -5*g. What is the highest common factor of g and c?
2
Suppose -3*y + r = -49, 3*y - r = -2*y + 79. Let g = 25 - y. Let a be 4/g - (-133)/5. Calculate the highest common factor of a and 18.
9
Let u be 275/7 + 6/(-21). Let i(f) = f**3 + 9*f**2 + 10*f. Let n be i(-7). Let c = u - n. Calculate the highest common divisor of c and 88.
11
Suppose 18 = 2*d - 5*y, d + 0*y + y - 2 = 0. Suppose -4*q = -2*l - 0*l - 4, 0 = -2*q - 5*l + 2. What is the greatest common factor of q and d?
1
Let u be 44/10 + (-2)/5. Suppose 3*f - 5 = u*f + 2*x, 0 = -f + x - 2. Let g be ((-93)/9 + 1)*f. Calculate the highest common divisor of 70 and g.
14
Suppose 2*v + 4*v = 360. Calculate the greatest common divisor of v and 12.
12
Let x be (-372)/(-16) + 1*3/(-12). Calculate the greatest common divisor of 207 and x.
23
Let o(h) be the first derivative of h**4/4 + 8*h**3/3 + 3*h**2 + 4*h - 7. Let d be o(-7). What is the highest common factor of 77 and d?
11
Let y = 56 - -49. Calculate the highest common factor of 15 and y.
15
Let a = -56 - -81. What is the greatest common divisor of a and 75?
25
Let j = -83 - -32. Let z be 2/(-2)*6 + 0. Let t = z - j. What is the greatest common factor of t and 9?
9
Suppose 2*l + 2*a = 0, 3*l - 24 = 3*a + 6. Suppose -100 = -l*n - 5. Calculate the highest common divisor of 38 and n.
19
Let z = -104 + 219. Calculate the greatest common factor of 46 and z.
23
Suppose -75 = 5*m - 0*m. Let h be (m/(-30))/(2/100). Calculate the highest common divisor of 75 and h.
25
Suppose t = z + 19, 5*z + 80 = 4*t - 0*z. Suppose -u - 135 = -2*u. Calculate the greatest common divisor of t and u.
15
Suppose 14 + 50 = 4*z. Calculate the highest common divisor of z and 16.
16
Suppose 0 = -5*r - 2*k + 25, -4*r + 4*k - 6 = 2. Suppose 220 = r*x - x. Suppose -q = -x - 26. Calculate the highest common divisor of 17 and q.
17
Let w be (-135)/(-12) - (-9)/12. Calculate the greatest common divisor of 36 and w.
12
Suppose 5 = 3*t + 2*t. Let w = t + 5. What is the greatest common divisor of w and 4?
2
Let x = 8 + 2. Calculate the highest common divisor of x and 2.
2
Let o(i) = 7*i**2 - 3*i - 4. Let m be o(-3). Let z = m - 41. Let n(j) = -j**2 + 7*j + 11. Let a be n(8). Calculate the greatest common divisor of a and z.
3
Suppose p = 31 + 81. Let b(f) = 15*f**3 - f + 2. Let j be b(1). Calculate the highest common factor of j and p.
16
Let z be (6/7)/(27/126). What is the highest common divisor of z and 3?
1
Let t be (-620)/(-36) - 4/18. Calculate the highest common factor of 51 and t.
17
Suppose -5*y = -t - 221, 109 = 3*y - 2*t - 18. Suppose -4*d - y = d. Let r = 18 + d. Calculate the greatest common divisor of 36 and r.
9
Suppose -9 = 5*f - 34. Suppose -5*s + 2*p = -10 - 7, 3*s + f*p = 35. Suppose -s*b = 0, 0 = -o + 6*o - 2*b - 360. What is the greatest common factor of 9 and o?
9
Let w be 84/8 + 2/(-4). Calculate the highest common factor of w and 5.
5
Suppose 0 = a - 9 + 8. Let k(r) = 6*r**3 - 2*r**2 + 2*r - 1. Let f be k(a). What is the highest common factor of f and 15?
5
Let c(r) = r**3 + 6*r**2 - 17*r - 7. Let k be c(-8). Calculate the highest common divisor of 9 and k.
1
Suppose -b + 3*q = -32, 0 = -0*q - 2*q + 8. Suppose 5*k = b - 14. Suppose 0 = -m - 4*u + 13, 3*m - k = -0*u - u. What is the highest common factor of 4 and m?
1
Let y be (-1 - -2)/(2/20). Suppose 0 = -4*l + 14 + 6. Suppose 0 = -4*x + h + 125, l*x + 5*h - 46 = 79. Calculate the greatest common divisor of x and y.
10
Let o be 0 + 15/1 + -1. Suppose 0*m - m + x + 57 = 0, 5*m - 267 = -4*x. Let z be 4/16 - m/(-4). What is the greatest common factor of z and o?
14
Let m = 22 + 62. Let f(i) = -13*i**3 - i**2. Let r be f(-1). What is the greatest common factor of m and r?
12
Let w = 181 + -165. Calculate the highest common factor of w a